erivative of z**5/20 + z**4/6 + z**3/6 + 2*z**2 + 9*z - 1. Calculate f(v).
-8
Let j(n) = 5*n**3 + n**2 + n - 1. Let y = 132 - 131. Give j(y).
6
Let c be 168/30 + 6/(-10). Suppose 1 - c = -2*n. Let x(l) be the second derivative of -l**4/12 + l**3/2 - 3*l**2/2 - l. What is x(n)?
-1
Suppose -f + 13 = 3*n, 12 = 5*n - 4*f - 4. Let k(d) = 4*d - 3. Let s(v) = -v + 1. Let x(a) = -3*a - 5. Let i be x(-4). Let u(g) = i*s(g) + 2*k(g). What is u(n)?
5
Suppose -5*o + 20 + 15 = 0. Let f(b) = -b**3 + 7*b**2 + 2*b. Calculate f(o).
14
Let z(h) = 5*h**3 + 21*h**2 - 5*h + 4. Let m(c) = -c**3 - 5*c**2 + c - 1. Let t(w) = -9*m(w) - 2*z(w). Let s be (-1)/(2 + (-9)/4). Determine t(s).
-11
Let l(t) = 2*t + 3. Let b(u) = -u - 1. Let w(k) = 5*b(k) + 2*l(k). Determine w(4).
-3
Let h(z) = -6*z**2 + 8 + 3*z - 3*z**3 - 6*z - 1 + 2*z**3. Let o(r) = r**3 - r - 5. Let m be o(0). Determine h(m).
-3
Let o(b) = 3*b**2 - 29 - b**3 - 5*b**2 - 5*b + 7*b**2 + 32. Give o(3).
6
Let l(j) = 4 - j**3 - 14*j - 11*j - 4*j**2 + 0*j**3 + 22*j. Determine l(-3).
4
Let w = 4 - -3. Suppose -w = -3*n - 1. Let g(q) be the first derivative of -q**4/2 + q**3/3 + 3*q**2/2 - 2*q + 2. Calculate g(n).
-8
Let g(m) = m**2 + 5*m - 1. Let k = -19 + 14. Determine g(k).
-1
Let r be 4/(-10) + (-8)/(-20). Let h(q) = -3 + 2*q**2 - 2*q**3 + r + 4*q - 4*q + 3*q. Determine h(2).
-5
Let u(t) be the third derivative of -t**4/12 + t**2. Calculate u(-3).
6
Let q(f) = -99*f + 187*f + 1 - 94*f. What is q(3)?
-17
Let c(p) = p**3 - 2*p**2 - p - 7. Let r be c(5). Let f(o) = 62 - 2*o + o - r. What is f(1)?
-2
Let n(m) = m**3 - 5*m**2 - 2*m - 2. Let v(k) = -2*k**3 + 11*k**2 + 4*k + 5. Let h(i) = 5*n(i) + 2*v(i). What is h(3)?
-6
Suppose 3 = 4*w + 11. Let f(n) = -1 - 2*n + 3*n + 5*n. Determine f(w).
-13
Let p(b) = b**3 - 5*b**2 + 5*b + 1. Suppose 8 = 4*w - 8. Let u = w - -3. Suppose -u = -3*j + 5. Calculate p(j).
5
Let q(g) = 4*g**3 - 6*g**2 - 4*g + 2. Let a(s) = -3*s**3 + 5*s**2 + 4*s - 1. Suppose -c - 2*j + 13 = j, -2*j + 10 = 0. Let z(v) = c*q(v) - 3*a(v). What is z(4)?
-1
Let i(d) be the second derivative of -d**4/12 - d**3 + d**2/2 + 12*d. What is i(-5)?
6
Let s = 1 - -1. Let x(g) = -4*g**2 + 5*g**s + g**3 - 2*g - 2*g**2 + 2. Let k be (2/4)/(1/4). Determine x(k).
2
Suppose -q + 3*q + 2 = 0. Let n(u) = -8*u**2 - 2*u - 1. Calculate n(q).
-7
Let y(i) be the first derivative of i**2/2 - 3*i - 12. Calculate y(3).
0
Let x(n) = -n - 7. Let o be x(-6). Let p(u) = -3*u**3 - 2*u**2 + 7*u**3 + 3*u**2. What is p(o)?
-3
Let j(a) be the third derivative of a**7/2520 - a**6/180 - a**5/30 + a**4/8 + 2*a**2. Let g(i) be the second derivative of j(i). Calculate g(3).
-7
Let n = 11 + -9. Let z(b) = -3*b. What is z(n)?
-6
Let k(y) = 2*y + 6. Let p = -4 + 16. Suppose -n - n - p = 0. Let w = n + 2. Determine k(w).
-2
Let v(o) = -3 - 1 - 5*o + o**2 + 2 - 1. Suppose 4 + 0 = 2*l - 3*u, 5*l - 2*u = 21. Suppose 3*m - 1 - 8 = -2*k, 0 = -l*m + 2*k + 31. Calculate v(m).
-3
Let p(k) = k + 1. Let f(w) = w + 7. Let a be f(-5). Suppose 4*v - 7 + 3 = 0. Suppose 5*u = 4*d - a + v, 0 = -5*d - 5*u - 10. Determine p(d).
0
Let o(s) = s**2 - 1. Let g be o(0). Let u(x) = -30*x**3 + 3*x + 11. Let l(w) = -10*w**3 + w + 4. Let q(r) = -8*l(r) + 3*u(r). What is q(g)?
10
Suppose -2*l - 32 = -6*l. Let m be 348/16 - (-2)/l. Suppose -k = -o - 4, k - 2 - m = 5*o. Let i(a) = a**2 + 6*a + 2. Give i(o).
-3
Let z = -1 + 3. Let u(s) = s**z + 1 + 3*s + 2*s - 2. Let t = 11 + -15. Determine u(t).
-5
Let v(b) = -4*b - 7. Let t be v(-5). Let m = t - 15. Let n(p) = p**2 - 2*p - 2. Give n(m).
6
Suppose 1 = 4*p + 41. Let v = 5 + p. Let h(c) = -3*c**2 + 9*c - 7. Let g(a) = -2*a**2 + 4*a - 4. Let n(b) = 5*g(b) - 3*h(b). Give n(v).
11
Let f(b) = -b**3 - 6*b**2 - 5*b + 4. Let z = -7 - -14. Let l(a) = 4*a - z*a**2 - 4 - a**2 + a**3 + 3*a. Let m be l(7). Calculate f(m).
-8
Let s(d) be the first derivative of -2*d**3 - 3*d - 1/4*d**4 + 2 - 7/2*d**2. Calculate s(-5).
7
Let o(p) be the third derivative of -p**5/60 + p**4/4 - p**3 - 4*p**2. Calculate o(6).
-6
Let f(p) = p + 2. Suppose -n = -2*t + 35, -4*n - 63 = -2*t - 13. Let y be (2 - 3)/(3/t). Determine f(y).
-3
Let o be (10/(-20))/(((-3)/2)/(-3)). Let j(a) = a**2 + 1. Determine j(o).
2
Let t(a) be the third derivative of -a**6/120 + a**5/20 + a**4/6 - a**3/2 - 7*a**2. Determine t(3).
9
Let x be -1 - (-2 + 3) - -12. Let v be (x/(-15))/((-1)/(-6)). Let g(b) = 5*b + 28 + 2*b + b**2 - 23. Determine g(v).
-7
Let j(s) = 3*s**3 - s + 1. Let w(b) = -b - 9. Let y be w(-7). What is j(y)?
-21
Let z be -2 - (1 - -1) - -2. Let f(x) be the third derivative of -x**6/120 - x**5/60 - x**4/24 - x**3/3 - 2*x**2. Give f(z).
4
Suppose 0 = -3*f - 0*f + 3. Suppose -5*v = -4*g + 4, -3*g = -2*v - 2*v - 3. Let b(x) = -2*x - 5*x - x + g. Calculate b(f).
-7
Let i = 3 + -10. Let u = i - -4. Let c(j) = 3*j**2 + 9*j + 3. Let l(p) = p**2 + 3*p + 1. Let y(f) = -6*c(f) + 17*l(f). Determine y(u).
-1
Let h(c) be the third derivative of c**6/120 - c**5/15 - c**4/6 - c**3 + c**2. Suppose -3*o = -y + 2*o + 11, 4*y - 3*o = 44. Let d = y - 6. Determine h(d).
-1
Suppose -7*i = -4*i - 39. Suppose -5*t + i = 3*q, -4*t = q - t - 3. Let n(c) = c**3 - 7*c**2 + 6*c - 3. What is n(q)?
-3
Let l(z) = -5*z**2 - 8*z - 7 + 15 - z**3 + 13*z**2. Calculate l(7).
1
Let m(q) = -q**2 - 3. Suppose 0 = -2*o - 4 + 14. Suppose -x + 2*c + 10 = 0, 7*c - 2*c + 10 = -o*x. Suppose x*w = -0*w. Give m(w).
-3
Suppose -5*x - 2*a - 37 = 0, -8 = -a - a. Let z(j) = -j - 14. Let v be z(x). Let o(y) = -y**2 - 6*y - 2. What is o(v)?
3
Let o(s) = -s**2 + 5*s - 4. Let a(g) = -g**2 + g. Let x(v) = -v - 3. Let l(y) = a(y) - x(y). Let i(h) = h. Let t(w) = -3*i(w) + l(w). Let j be t(0). Give o(j).
2
Let d(w) = -11*w - 4. Let y(r) = 20*r + 8. Let z(p) = -7*d(p) - 4*y(p). What is z(-6)?
14
Let a(g) = 10*g**3 + 4*g + 13. Let b(z) = 7*z**3 + 3*z + 9. Let l(f) = 7*f**3 + 3*f + 9. Let k(o) = 3*b(o) - 4*l(o). Let t(p) = 5*a(p) + 7*k(p). Give t(0).
2
Let m(b) be the third derivative of 3*b**2 + 0*b + 1/6*b**3 + 1/24*b**4 + 0. Let a be m(3). Let i(z) = 2*z - 6. Give i(a).
2
Suppose 4*b = -2*j + 24, 4*j + 4*b - 26 = j. Let i be (-1)/(j/4*-1). Let l(y) = 4*y + y**2 - y - 4*y**i. What is l(2)?
-6
Let z(j) = -j + 3. Suppose 9 = -5*b + 3*w, -18 = -5*b - 5*w - 3. Calculate z(b).
3
Let d = -13 + 16. Let a(v) = -5 - v + 3*v**2 + 4 + v**d - 4*v**2. Determine a(0).
-1
Let a(w) be the first derivative of -4*w**2 + w + 2. Let s(x) = x + 6. Let j be s(-4). Calculate a(j).
-15
Suppose 2*v = 0, -5*i = 4*v - v - 10. Suppose -i = -5*a + 3. Let p be a + 3*(0 - 1). Let o(m) = m**2 + m - 1. Give o(p).
1
Let s(j) = j - 9. Let x(f) = 4. Let o(p) = -2*s(p) - 5*x(p). Calculate o(2).
-6
Let k(n) be the second derivative of -n**4/6 + 2*n**3/3 - n**2/2 - 5*n. Let o be (-1)/(-2 - (-10)/6). Give k(o).
-7
Let j(i) be the third derivative of i**6/120 - i**5/60 + i**4/24 + i**3/6 + 8*i**2. Give j(2).
7
Let l(i) = 2*i**2 + 3*i + 3. Let r be l(-2). Suppose -3*o - 21 = -r*d + 3*d, -3*o - 12 = d. Let g(k) = -k**2 - 7*k - 7. Determine g(o).
3
Let l = 9 + -4. Suppose 7 = l*m - 3. Let f(v) = -3*v**2 + 2 - v**3 - 4*v**2 + 3*v + 4*v**m. What is f(-3)?
-7
Let y(g) = -g + 2. Suppose 4*x = -3*f - 8, f - 2*f + 10 = -5*x. Suppose 0 = 4*w - f*w. Suppose 7*j - 3*j - 20 = w. What is y(j)?
-3
Let v(s) be the third derivative of s**5/60 - s**4/12 + s**3/2 - s**2 - 17. Suppose 0 = -3*r - 4 + 13. What is v(r)?
6
Let g(m) = 18*m - 3 - 3 + 10*m - 27*m. Determine g(0).
-6
Let k(n) be the third derivative of -n**8/6720 + n**7/840 - n**5/60 + n**4/8 - 4*n**2. Let m(b) be the second derivative of k(b). Give m(3).
-2
Let v(a) = 11 + 8 - a**3 - 6*a**2 - 7*a - 25. Calculate v(-4).
-10
Suppose 35 = 3*j + 5*t, -5*j - 3*t + 21 = -4*t. Suppose 3*k + 2 = 2*c + 16, 16 = -4*c. Let x(o) = -j + 2*o**2 + 2*o + 2*o**k - 3*o**2. Determine x(-4).
3
Suppose 0 = 6*t - 2*t. Suppose t = 2*w + 7 - 1. Let a(l) be the second derivative of -2*l**3/3 - 2*l**2 - 5*l. Determine a(w).
8
Let d(m) be the first derivative of -m**6/72 + m**5/120 + m**3 + 3. Let p(z) be the third derivative of d(z). Give p(-1).
-6
Let d = -9 - -6. Let l(r) = -3 - 2*r + r**2 + r + 0 + 0*r**2. Give l(d).
9
Suppose 0 = 4*b + 2*v - 4, 0*b + 2*v = b + 9. Let w(c) = -2*c**3 + 2*c**2 - 1. Give w(b).
3
Let b(q) = 3*q**2 + 9*q + 2. Let y(t) = -